der when 12 is divided by (-2)/(8/(-3) + 2)?
0
Let o(x) = -x**2 - 6*x - 5. Let b be o(-4). Suppose -i - 5*v = -24, 0 = -2*i - b*v + v + 40. Calculate the remainder when i is divided by 5.
4
Suppose -30*l + 22 = -29*l. Calculate the remainder when 83 is divided by l.
17
Let a be ((-3)/(-9))/((-2)/6). Let z be -1*(-2 - -3)*a. What is the remainder when 26 is divided by 2 - (-3 + z + -5)?
8
Suppose 2 + 33 = 5*j. Let g = 23 + -49. Let u = -1 - g. Calculate the remainder when u is divided by j.
4
Let m(o) = o**2 + 6*o + 5. Let p be m(-6). Suppose -78 = -0*a - 3*a - p*t, 0 = 2*t. What is the remainder when 75 is divided by a?
23
Let j = -17 + 30. Suppose 2*x = -3*d + x - 20, 2*d = 4*x + 10. What is the remainder when j is divided by d*(2 - 0)/(-2)?
3
What is the remainder when 30 is divided by (72/(-27))/(1/(-6))?
14
Let i = -73 + 128. Calculate the remainder when i is divided by 29.
26
Suppose 11 - 31 = -5*d. Suppose d*p + 30 + 74 = 4*b, 3*b - 108 = -3*p. Calculate the remainder when b is divided by 11.
9
Let c = -74 - -138. Suppose 0 = -4*t + 6 + 2, -4*d = -4*t - c. What is the remainder when 17 is divided by (2 + 10/(-6))*d?
5
Let v = -4 - -8. Let z = 5 - -1. Calculate the remainder when z is divided by v.
2
Let p be 3 + (1 - -1 - 0). Suppose 3*u + l = -3*l + 8, 0 = -p*u - 2*l + 32. Suppose 3*m + 2*m - 115 = 0. Calculate the remainder when m is divided by u.
7
Suppose 0*i + 4*i + 5*n - 36 = 0, -4*n + 4 = -3*i. Calculate the remainder when 11 is divided by i.
3
Let z(y) = -y**3 - 4*y**2 + 7*y - 3. Let p be z(-6). Suppose -5*j + 5*q = -45, -2*j - p = -5*j - 5*q. Calculate the remainder when j is divided by 5.
4
Suppose -2*p + 384 = 4*j - 58, -5*j + 2*p + 548 = 0. Calculate the remainder when j is divided by 37.
36
Let b be (-2)/(3 + -1) + -14. Calculate the remainder when (-249)/b - (-4)/10 is divided by 10.
7
Suppose 0 = -5*m + 327 + 258. What is the remainder when m is divided by 30?
27
Let t be (-15)/(-2)*4/3. Suppose -n - 5 = -2*f - 2*n, 0 = 2*f - 2*n + t. Suppose f = -a - a + 28. Calculate the remainder when a is divided by 8.
6
Let y = -31 - -165. What is the remainder when y is divided by 34?
32
Let z be 6/(-8) + 23/4. Suppose w = -2*j + 88, -j + 94 = w - z*j. Suppose 0 = -5*i + w + 55. Calculate the remainder when i is divided by 15.
14
Let f(h) = -h**2 - 9*h + 7. Let o = 23 + -12. What is the remainder when f(-7) is divided by o?
10
Suppose -1 = -5*f + 39. Calculate the remainder when (30/8)/((-60)/(-160)) is divided by f/10*(-60)/(-8).
4
Let a be -1*(0 - 3)/(-3). What is the remainder when (a - 2)/((-2)/24) is divided by 19?
17
Suppose 5*j - 197 = -57. Let a = -14 + j. What is the remainder when 55 is divided by a?
13
Let c = 119 - 54. Calculate the remainder when c is divided by 17.
14
Suppose c - 1 = 4. Suppose 0 = -c*n - 5*i + 150, 0*n - 2*i - 15 = -n. Calculate the remainder when 122 is divided by n.
22
Suppose -104 = -10*w + 2116. Calculate the remainder when w is divided by 14.
12
Suppose 4*w = w + 9. Suppose -w*d + 64 = 2*g, 2*g - 177 = -3*g + d. What is the remainder when g is divided by 18?
17
Suppose -8*b + 4*b = -52. Suppose -w + 0*w + 2*x + 45 = 0, x - 181 = -5*w. What is the remainder when w is divided by b?
11
Let x(w) = -6*w + w**3 + 0*w**2 + 7*w**2 - 3*w**2 + 1. Calculate the remainder when (3/((-9)/(-30)))/1 is divided by x(-5).
4
Suppose 152 - 8 = 2*y. Calculate the remainder when y is divided by 15.
12
Calculate the remainder when 59 is divided by (1*-1)/(19/(-589)).
28
Let k = 12 + -6. Let z = 31 + -9. Calculate the remainder when z is divided by (-4)/(9/k - 2).
6
Let y = 22 + -11. Calculate the remainder when 30 is divided by y.
8
Let a be (0 + 1)/((-2)/(-10)). Let j = 4 + a. Let m(v) = -v**2 + 13*v - 4. What is the remainder when m(j) is divided by 11?
10
Let b = -49 - -105. What is the remainder when b is divided by 15?
11
Suppose -23 = -5*j - c, 3*j - 3*c = -4*c + 15. What is the remainder when 19 is divided by j?
3
Let r(h) = -2*h - 6. Let c(w) = -7*w**3 + w**2 - w + 1. Let x be c(1). Let k(n) = 17*n**2 + n - 1. What is the remainder when k(1) is divided by r(x)?
5
Let r = -6 + 8. Suppose r*p - 6 = -5*l, 14 = 4*l + l - 2*p. Suppose 4*t = l*t + 20. Calculate the remainder when 18 is divided by t.
8
Let h be 13 - (1 + 0 - 2). Suppose 5*k = 5*j - 3*j + 26, -5*j - 23 = -2*k. What is the remainder when k is divided by 2/3 + h/6?
1
Suppose -5*m - j = -94, -5*m = 5*j + 5 - 115. Calculate the remainder when m is divided by 5.
3
Let o(g) = -5*g + 3*g - 2*g. Let j be o(2). What is the remainder when 22 is divided by 18/j*(-32)/6?
10
Suppose -j + 6 = 3. Calculate the remainder when 3 is divided by j.
0
Suppose -17 - 10 = l. Let y = l + 45. What is the remainder when 34 is divided by y?
16
What is the remainder when (-399)/(-15) + 4/10 is divided by 15?
12
Suppose 0 = -4*d - v + 3*v + 64, -v = 4. Suppose 5*p = -3*j + 2, 3*j + 5*p - 4 = p. Let o = 9 - j. What is the remainder when d is divided by o?
4
Let x = 39 + -27. Suppose -4*u + 28 = -x. What is the remainder when 28 is divided by u?
8
Suppose 3*i - 3*l = i - 99, 3*l + 153 = -4*i. Let y = 203 - 138. Let k = y + i. What is the remainder when k is divided by 8?
7
Suppose 5*a - 396 = 239. What is the remainder when a is divided by 32?
31
Suppose -6*y - 52 = -8*y. Calculate the remainder when y is divided by 5.
1
Suppose 3*l + 0*l - 4*h = 116, 2*h - 2 = 0. What is the remainder when l is divided by 1 - 1 - (-28)/(-4 - -8)?
5
Let j(m) = m**3 + m**2 - m + 7. Let v(q) = -q - 1. Let u(g) = 7*g + 9. Let i(b) = -5*u(b) - 40*v(b). What is the remainder when i(5) is divided by j(0)?
6
Suppose -t = 3*t + 5*p - 31, 4*p = -5*t + 41. Suppose -2*s + 3*s = 44. What is the remainder when s is divided by t?
8
Suppose -x - 2*x + m - 169 = 0, -4*m + 291 = -5*x. Let a = -32 - x. Calculate the remainder when a is divided by -1*2*(-8)/2.
7
Let y(z) = -2*z - 17. Let i(q) = -q - 8. Let x(c) = 13*i(c) - 6*y(c). Calculate the remainder when 22 is divided by x(-8).
4
Let l = 6 + -2. Suppose -28 - 12 = -l*z. Suppose -2*a + 14 = -4*v - 22, -4*a - 5*v = -72. What is the remainder when a is divided by z?
8
Let w(d) = d**2 + 6*d - 6. Let l(j) = -5*j - 158. What is the remainder when w(4) is divided by l(-33)?
6
Suppose -5 = -5*p, j - 21 + 3 = -3*p. Calculate the remainder when 224 is divided by j.
14
Suppose 0 = 3*l - l - 156. Let w be l/(-10) + 3/(-15). Calculate the remainder when 10 is divided by (-12)/w*(2 - -2).
4
Let p = 81 - -54. What is the remainder when p is divided by 47?
41
Calculate the remainder when 101 is divided by ((-4)/(-6))/(2/105).
31
Suppose 5*n = -5*p - 4 - 1, 0 = 3*p - 3*n - 27. What is the remainder when 6 is divided by p?
2
Suppose 0 = b + 5*d + 4, -b + 2*d + 8 = 3*d. Let u = -18 + 60. Calculate the remainder when u is divided by b.
9
Let h(r) = 2 - r - 4 - r + 3*r. What is the remainder when 14 is divided by h(7)?
4
Suppose 2*o = -n + 56, -77 - 35 = -4*o - n. Let j = o + -20. Calculate the remainder when 14 is divided by j.
6
Let x be 3*4/12 + -13. Let d = x + 25. What is the remainder when 23 is divided by d?
10
Calculate the remainder when 1 + 0 + (240/4 - -2) is divided by 16.
15
Let i(a) = 9*a. Let c = -7 + 22. What is the remainder when c is divided by i(1)?
6
Let z(q) = 8*q - 6. Let v be z(6). Suppose -3*j = -v - 15. Let d(o) = 8*o - 3. What is the remainder when d(5) is divided by j?
18
Let m be 2/(-8) + 41/4. Suppose -m*w = -12*w + 36. Calculate the remainder when 33 is divided by w.
15
Let w = 13 - -10. Calculate the remainder when 112 is divided by w.
20
Let g(x) = 46*x**3 + 2*x**2 - 3*x + 2. Calculate the remainder when g(1) is divided by 12.
11
Let z(f) be the first derivative of f**4/2 + f**3 - 3*f**2/2 + 2*f + 1. Calculate the remainder when 47 is divided by z(2).
23
Suppose 0 = -10*c + 4*c + 96. What is the remainder when 46 is divided by c?
14
Let g = 1 - -10. Suppose 0 = -3*b - 2*p - 2*p + 13, 5*b - 18 = -3*p. Calculate the remainder when g is divided by b.
2
Suppose 4*f - 18 = 66. Calculate the remainder when f is divided by 11.
10
Let m(h) = -2*h - 6. Let p be m(-4). Suppose -5*c - 73 = -p*j, 3*j = -4*c - 25 + 77. Suppose 2*v - 27 = -v. Calculate the remainder when j is divided by v.
6
Let u = 70 - 42. Calculate the remainder when 54 is divided by u.
26
Le